-12 = -2*p - 4*b, -5*b + 12 = 3*p - 4. Let i(h) = h**3 - 4*h**2 + 2*h + 2. Let g be i(p). What is the units digit of 24/(7/2 + g)?
6
What is the tens digit of (-21 + 22)*(0 + 51)?
5
Suppose 2*g + 4*i - 106 = 0, 0*i = 5*g + 2*i - 281. What is the units digit of g?
7
Let t = 7 - 6. What is the units digit of t?
1
Suppose -t - 1 = s + 2*s, 0 = -3*t - 3*s - 3. What is the tens digit of (-2 + -27)*-1 - t?
3
Suppose -5*k + 5*b + 34 = -4*k, 0 = 4*b - 8. What is the tens digit of k?
4
Let r(p) = -23*p + 19. What is the hundreds digit of r(-4)?
1
Suppose 9*o + 5*o = 714. What is the units digit of o?
1
Let p = -252 + 486. What is the tens digit of p?
3
Let t(a) = -6*a + 6 + 5 + 2*a. What is the tens digit of t(-6)?
3
Suppose -2*i - 2*i + 12 = 0, 2*i - 54 = 4*c. Let h = c + 24. What is the tens digit of h?
1
Suppose 0 = -y - y + 216. Let c = y + -68. What is the tens digit of c?
4
Let r be 14/(-35) - 27/(-5). Suppose -r*x + 51 = -x - n, -49 = -4*x + 3*n. What is the tens digit of x?
1
Let x(y) = -y**2 + 7*y - 7. Let v be x(5). Suppose 0 = v*f + f - 96. What is the tens digit of f?
2
Suppose 2*w - 12 = -0. Suppose 4*z = p + 13, 2*p = -5*z + 7 + w. What is the units digit of z?
3
Let b(t) = -7*t. What is the tens digit of b(-2)?
1
Let q(h) = h + 40*h**2 - 22*h**2 + 2*h**3 - 18*h**2. What is the units digit of q(1)?
3
Let x = -6 + 30. What is the tens digit of x?
2
Let f = -33 - -96. What is the units digit of f?
3
Let w(y) = -81*y**2 + 3*y - 2. Let h be w(1). What is the tens digit of (54/(-45))/(3/h)?
3
Suppose -2*m = -3*b - 23, 0 = 2*m - 0*b + b - 11. Let t(v) = v**2 - 2*v - 9. What is the units digit of t(m)?
6
Suppose -w - 3*u - 35 = 4*w, 4*w + 4*u + 36 = 0. Let k be (-3)/2*w/6. Suppose 4*g = 5*g - k. What is the units digit of g?
1
Suppose 0 = 4*f + 2 - 50. Let y(p) = -p + 15. Let x be y(f). What is the units digit of (-4)/x*(-12)/8?
2
Let m be 18/4*32/(-12). What is the tens digit of 0/(-1 - 0) - m?
1
Suppose 4*h - 5*v - 1229 = 0, 5*h - 3*v - 863 = 683. What is the tens digit of h?
1
Suppose -5*p + 30 = 5. What is the units digit of p?
5
Suppose 3*b = -5*q - 20, -24 = 5*b + 1. Let y = q - -18. What is the tens digit of y?
1
Suppose 5*f - 3 - 7 = 0. Let x(q) be the second derivative of q**4/2 - q**3/3 + q**2/2 + 4*q. What is the units digit of x(f)?
1
Let b(p) = -p**3 + 8*p**2 + 1. Let n be b(8). Let y be ((-2)/(n + 1))/1. Let l = 7 - y. What is the units digit of l?
8
What is the hundreds digit of (1 + (-70 - -1))*15/(-6)?
1
Let p be 3*3/(-18)*-2. Let r(d) = 21*d - 1. What is the units digit of r(p)?
0
Let n(w) = w + 13. Let l be n(-9). Suppose -u + 2*u + 23 = 3*c, -l*c - 5*u = -18. What is the units digit of c?
7
Let h = -99 - -235. What is the hundreds digit of h?
1
Let b(z) = z**2 + 12*z + 16. Let k be b(-11). Let c(p) = p**2 + 5*p - 3. Let l be c(3). Suppose l = k*s - s - r, s - 4*r - 9 = 0. What is the units digit of s?
5
Let x be 2/(-7) - (-4206)/21. Suppose -5*s - 6*h = -h - x, -3*h - 167 = -4*s. What is the tens digit of s?
4
Suppose 2*i = -z + 68, -2*z = -5*z - 5*i + 200. What is the units digit of z?
0
Let v(g) = 0*g**3 - 2*g - 3*g + 4*g**2 + 7 + 4*g + g**3. Let p be v(-5). Let z = p - -27. What is the units digit of z?
4
Suppose 26*h + 6 = 29*h. What is the units digit of h?
2
Let h = -2 + 0. Let r = h + 8. Let g(s) = 2*s - 2. What is the tens digit of g(r)?
1
Suppose 0*x = -v + 4*x + 77, -2*v - 2*x + 104 = 0. What is the tens digit of v?
5
Let i(y) = 5*y**2 + y - 1. Let n be i(1). Suppose -d = -n*d + 60. What is the tens digit of d?
1
Suppose -6 = o - 3*o. Let w be o*5 - (-4)/4. Suppose 4*v = -0*v + w. What is the units digit of v?
4
Let f(v) = 2*v**2 + 9*v + 2. Let c(k) = k**2 + k + 1. Let u(b) = 3*c(b) - f(b). What is the units digit of u(7)?
8
Let q(s) be the first derivative of -s**3/3 - 3*s**2/2 - s + 1. Let i be q(-1). Suppose -k + 43 = 3*f, 5*k - 54 = -5*f + i. What is the tens digit of f?
1
Let f = -156 + 371. What is the hundreds digit of f?
2
Let f = 23 + -7. What is the units digit of f?
6
Let j(l) = 2*l**2 + 8*l + 2. Let t(d) = d**3 - 5*d**2 - d - 1. Let v be t(5). Let w be j(v). Suppose 4*b - w = -6. What is the units digit of b?
5
Let d = 4 + 43. What is the units digit of d + (0 - (-2 + 4))?
5
Suppose 3*r = -0*r. Let l(w) = w**3 + w + 2. Let j be l(0). What is the units digit of -1 + 12 + (r - j)?
9
Let h(z) = 2*z + 2 + 5*z - 2*z + 0. Let q(a) = -a**2 - 6*a - 5. Let l be q(-4). What is the units digit of h(l)?
7
Let i = -5 - -5. Let j(q) = -q**3 + q**2 + q + 7. Let f be j(i). What is the units digit of 1 + (f - (-3)/(-1))?
5
Let i be (-36 + -2 - -2)*-1. What is the tens digit of 0 - i/(-1*3)?
1
Let z = 30 + 5. Suppose 0 = i - 3*s - z, -2*i - s + 82 - 19 = 0. Suppose h + i = 5*h. What is the units digit of h?
8
Let q(n) = -1 + 3*n**2 - 8*n + 4 - 4*n**2. Let i be q(-7). What is the units digit of (-2)/(-5) + 56/i?
6
What is the tens digit of (5 - 30)*(-4)/5?
2
Let z be -13 - -2*(-1 + 0). Let w be -21 + 0 + 0/3. What is the units digit of w/z + (-6)/15?
1
Suppose 1 = 3*c - r + 6*r, 3 = -3*r. Suppose -c*t = -t. Suppose t = 4*n - 7*n + 12. What is the units digit of n?
4
Let z = -65 - -36. What is the tens digit of -3 - (0 + -1) - z?
2
Let j(w) = -3 - 2*w + w + 4*w. What is the units digit of j(6)?
5
Let u be 0 + (-3)/(2 - 3). Let h(a) = a**2 + a - 4. Let r be h(u). Suppose -z = z - r. What is the units digit of z?
4
Let p(f) = f**3 + 5*f**2 + 4*f + 6. Let u be p(-5). Let o = 33 + u. What is the tens digit of o?
1
Let k be 28/(-8) - 2/4. Let a(w) = -w**3 - 3*w**2 + w - 4. What is the units digit of a(k)?
8
Suppose 13*z = 18*z - 240. What is the units digit of z?
8
Suppose -6 = 2*u - u. Let d = 14 + u. Let y = d + -6. What is the units digit of y?
2
Let u(p) be the second derivative of p**5/20 - 2*p**4/3 + p**3/6 + 5*p**2 - 3*p. What is the tens digit of u(8)?
1
Suppose -12 = -2*f + 5*f. Let q = f - -3. What is the units digit of (-1 + q)/(-1 + -1)?
1
Let i be (-5 - 17) + -3 + 0. Let o = i - -36. What is the units digit of o?
1
Let k = -520 - -807. What is the hundreds digit of k?
2
Let m = -1 + 5. Let z = m + -2. What is the units digit of z?
2
Let l(k) = k**2 + 6*k + 1. Let g be l(-6). Let m = -14 - g. What is the tens digit of 124/10 + 6/m?
1
Let a(w) = w - 1. Let u be a(1). What is the units digit of 2 + (0 - u) + 9?
1
Suppose 4*o - 15 = o. Suppose h = -2*c - c + 15, -o*c + 4*h = -42. Let r(y) = -y**2 + 8*y - 9. What is the units digit of r(c)?
3
Let u be (-2 - 3/(-1)) + 2. Let x = -10 + u. Let f = -6 - x. What is the units digit of f?
1
Suppose -4 = 3*n + n. Let w be n/2 - (-74)/(-4). Let i = w - -27. What is the units digit of i?
8
Let m(u) = 2 + 3*u + 2*u + u**2 - 4*u. What is the units digit of m(5)?
2
Let p(x) = -x**3 - 7*x**2 - 8*x + 3. Let v be p(-6). Let w be (-18)/(-63) - 26/(-7). Suppose w*t - 1 = v. What is the units digit of t?
4
Suppose 0 = -3*s + 7*s - 24. Let z be s/(-3*3/(-27)). Suppose -5*f + 9 = -4*x, -4*f + 2*f + z = 2*x. What is the units digit of x?
4
What is the tens digit of ((-1)/((-4)/(-102)))/(48/(-64))?
3
Suppose -c + 6*c = 225. What is the tens digit of c?
4
Let q be (-1 - -1) + -2 - -20. Suppose 18 = 2*n - 5*l, -q = 3*n + 4*l - 91. What is the tens digit of n?
1
Suppose 46 = 2*y - 3*d + d, 4*y + 5*d = 65. What is the tens digit of y?
2
Suppose 5*n + 6 = -4. What is the units digit of -3*(2/6 + n)?
5
Suppose 2*i = 71 + 125. What is the tens digit of i?
9
Suppose 35 = -c + 5*h, 5*h - 23 + 8 = 0. Suppose -t - 4*k = t - 36, 4*k - 114 = -5*t. What is the units digit of (-8)/c + t/10?
3
Let s = -5 + 7. Let q be 1 + 3/(-6)*s. Suppose 6*n - 3*n - 27 = q. What is the units digit of n?
9
Let q(d) = -d + 0*d + 0*d**2 + 2*d**2 - 1. What is the units digit of q(-2)?
9
Suppose 0 = y + 4*y - 25. Suppose 3*f + 4*g = 50, -5*g - 42 = y*f - 6*f. What is the units digit of f?
2
Let l(f) = -f**2 - 3*f + 1. Let v be l(-4). What is the units digit of v/(-2)*(-32)/(-6)?
8
Suppose t = -4*t + 80. Suppose 8 = 2*o - 2*s + 3*s, 4*o - 5*s - t = 0. Suppose 0 = -o*z + 2*z + 10. What is the units digit of z?
5
Suppose 3*f + 2*i + 6 = 6*i, 2*f = -3*i + 13. Let j(m) = f*m - 1 - 6*m - 2. What is the units digit of j(-2)?
5
Suppose -3*p + 5*m + 2 = -8, -5 = -3*p + 4*m. Let a = p - -6. What is the units digit of (-3)/6*-4 - a?
1